 base 15, what is -6d6 - -2719?
2033
In base 12, what is -118236bb - 4?
-11823703
In base 15, what is 5 + -13697db?
-13697d6
In base 16, what is 3f02 - f4?
3e0e
In base 11, what is -12179819 - -1?
-12179818
In base 11, what is 93217 - 79?
93149
In base 8, what is -50646 - -2305?
-46341
In base 7, what is -356 - 664530?
-665216
In base 9, what is -247114013 - 1?
-247114014
In base 5, what is 304 + -4342133201?
-4342132342
In base 7, what is -5 + 22636603?
22636565
In base 3, what is -1101211102122 - -11?
-1101211102111
In base 7, what is 11 + -255341510?
-255341466
In base 6, what is -14212 + 335215?
321003
In base 12, what is -779b - 2893?
-a472
In base 12, what is -49a93 - 347?
-4a21a
In base 3, what is 112000002210 + 1000?
112000010210
In base 14, what is -7c - -271469?
2713cb
In base 7, what is 4 - -113134506?
113134513
In base 8, what is -36667 + -6211?
-45100
In base 13, what is -16a3b5 - 81?
-16a466
In base 2, what is -111000001110110100101 + 11010010?
-111000001110011010011
In base 15, what is ce1727b + 1?
ce1727c
In base 9, what is 2013604 + 62?
2013666
In base 11, what is -92a - -1332?
503
In base 7, what is -132154644 - 10?
-132154654
In base 5, what is -2103340422 - -132?
-2103340240
In base 5, what is -144 + -4443344?
-4444043
In base 9, what is 238677 + 2240?
242027
In base 4, what is -2332011323021 + 1?
-2332011323020
In base 15, what is 305065e + -5?
3050659
In base 9, what is 108 - 32166?
-32057
In base 8, what is 1166 + -505?
461
In base 3, what is 11 + -1022002212222211?
-1022002212222200
In base 6, what is 145445 - 531?
144514
In base 2, what is -11010111010000001101 - -100010?
-11010111001111101011
In base 13, what is -5 - 19040861?
-19040866
In base 8, what is -20 - -325472157?
325472137
In base 8, what is -11347324 + -7?
-11347333
In base 6, what is -215201301 + 2?
-215201255
In base 3, what is -11021200010 - 1120000?
-11100020010
In base 12, what is 16 + 428a14?
428a2a
In base 10, what is -351168 + 38?
-351130
In base 12, what is 22a2 - -384b2?
3a794
In base 15, what is -18 - 924b4?
-924cc
In base 14, what is -5 + 8270d?
82708
In base 15, what is -3ab0 + 430?
-3680
In base 9, what is -2117756 + -4?
-2117761
In base 16, what is 2d - 26912a?
-2690fd
In base 7, what is 12114152563 + -5?
12114152555
In base 13, what is 2a - 5669bc9?
-5669b9c
In base 11, what is 1 + -1a75a79?
-1a75a78
In base 15, what is -2b + 5e199?
5e16d
In base 6, what is -45323 + -430451?
-520214
In base 12, what is -35 + 239622?
2395a9
In base 14, what is a328 - 2c1?
a047
In base 8, what is 400517 + -620?
377677
In base 16, what is -975 - 55a?
-ecf
In base 13, what is -3 - 268b4?
-268b7
In base 10, what is 9690 - 917?
8773
In base 9, what is 341267 - 632?
340535
In base 3, what is -110102000 + -22120?
-110201120
In base 12, what is 83a97 + -95?
83a02
In base 14, what is 105 - -22a4b?
22b52
In base 4, what is -120130 + -2222310?
-3003100
In base 11, what is -4a84 - -2132?
-2952
In base 6, what is -33331314 + -231?
-33331545
In base 5, what is 203113243 + -42?
203113201
In base 9, what is 5630 - -8682?
15422
In base 7, what is -14 - -221241104?
221241060
In base 6, what is 104415040 - 35?
104415001
In base 7, what is -2066 - -505210?
503111
In base 8, what is -103512000 - -2?
-103511776
In base 9, what is -3116050 - 1?
-3116051
In base 9, what is -162572658 - 5?
-162572664
In base 2, what is -100 - 1011101001000100110101011?
-1011101001000100110101111
In base 14, what is -4313 - -580?
-3b73
In base 14, what is -a + -1866a?
-18676
In base 2, what is 110010 + -111101111111100101110?
-111101111111011111100
In base 8, what is -7213 - -3627?
-3364
In base 9, what is -17315 - -5?
-17310
In base 4, what is 303210232 - -2112?
303213010
In base 2, what is -1100111101 - -11100100111001101001?
11100100101100101100
In base 14, what is -9a6ca4 + -15?
-9a6cb9
In base 5, what is -42021203 + -2024?
-42023232
In base 16, what is a2 - -242c?
24ce
In base 11, what is 9 - 3347058?
-334704a
In base 4, what is 311 + 32221302131?
32221303102
In base 3, what is 211221 - 102201102?
-101212111
In base 14, what is -8b3367c + 4?
-8b33678
In base 6, what is -4 + 22433552142?
22433552134
In base 16, what is 1a846 + 5c6?
1ae0c
In base 5, what is -212032 - -1202041?
440004
In base 6, what is -5220 + 511140?
501520
In base 6, what is -12221 + -343245?
-355510
In base 7, what is 265611 + 255?
266166
In base 5, what is -143014123434 - -2?
-143014123432
In base 5, what is 2113 + 424?
3042
In base 9, what is 12025 + -382?
11533
In base 15, what is -323985d - -6?
-3239857
In base 5, what is 24022 - -132430?
212002
In base 8, what is 2 + 1302112747?
1302112751
In base 2, what is 101000100101001000111101100 + -100?
101000100101001000111101000
In base 6, what is -14034203 + 120?
-14034043
In base 13, what is -1b7898 - 101?
-1b7999
In base 4, what is -12313 - 101202022?
-101221001
In base 11, what is -3112a842 - -3?
-3112a83a
In base 10, what is 5964 - 360?
5604
In base 6, what is -51404 - -2111400?
2015552
In base 4, what is 121212103 + 20122?
121232231
In base 8, what is -3406175231 - -1?
-3406175230
In base 4, what is 10300102310 + 2010?
10300110320
In base 11, what is a5 + -20618?
-20523
In base 3, what is -110200001 - -1010020?
-102112211
In base 7, what is -1344 + -351633?
-353310
In base 8, what is 163 + 221416?
221601
In base 4, what is -1023322 - 201310?
-1231232
In base 10, what is -27728 + -4577?
-32305
In base 8, what is 771265 - 64?
771201
In base 6, what is 13232 - 24432?
-11200
In base 4, what is -3102220323000 + 1?
-3102220322333
In base 6, what is -113 + 1545021313?
1545021200
In base 10, what is -5456 - -7556?
2100
In base 3, what is 1011101021022120022 + -2?
1011101021022120020
In base 8, what is -1751233500 + 0?
-1751233500
In base 2, what is 10101011101010011110 - 11110100?
10101011100110101010
In base 11, what is 6 - 249a343?
-249a338
In base 7, what is 2122106 + -1506?
2120300
In base 11, what is 8 - -a75808?
a75815
In base 11, what is 2364048 + 3?
2364050
In base 6, what is 204511512 + 0?
204511512
In base 14, what is c - -3b19268?
3b19276
In base 6, what is 10050314 + 500?
10051214
In base 5, what is 24202 + 33103121?
33132323
In base 12, what is 2423288 - -1?
2423289
In base 8, what is -3013 + 235?
-2556
In base 12, what is -2 + 248b414?
248b412
In base 15, what is -1369 + 59d6?
466c
In base 14, what is 6b + -27b83?
-27b16
In base 7, what is 1145 + -500533?
-466355
In base 10, what is 50 - 1391215?
-1391165
In base 13, what is -2cc + -287a?
-2b79
In base 16, what is a9ef + -4f?
a9a0
In base 9, what is -727 + -24526?
-25354
In base 7, what is 63154 + -1410?
61444
In base 9, what is 5 + -28020841?
-28020835
In base 13, what is -a - -166b5b?
166b51
In base 15, what is 1ba7326 - 2?
1ba7324
In base 14, what is 6b487 - 232?
6b255
In base 15, what is 48 + -6b58?
-6b10
In base 8, what is 327 + -520013?
-517464
In base 16, what is -149c56 - 14?
-149c6a
In base 16, what is 1 - -16ec20e?
16ec20f
In base 8, what is 46 + 162212?
162260
In base 7, what is -243455425 + 3?
-243455422
In base 3, what is 1110010 - 1112021120?
-1110211110
In base 10, what is -33 - -35001?
34968
In base 5, what is 1321130201 + -11?
1321130140
In base 11, what is 1874785 + -15?
1874770
In base 9, what is 0 - 4850828?
-4850828
In base 14, what is 3 - -3470a2?
3470a5
In base 16, what is 9a44d7 - -12?
9a44e9
In base 11, what is -48a41894 - -1?
-48a41893
In base 12, what is -222493822 - 5?
-222493827
In base 8, what is -44446 + -435?
-45103
In base 14, what is 1 - -20205?
20206
In base 16, what is -3a1 + 1040?
c9f
In base 15, what is e14 + -1937?
-a23
In base 3, what is 2012012 - -212212?
10002001
In base 5, what is -1 - 2131332402?
-2131332403
In base 3, what is 101 - -2011222111101010?
2011222111101111
In base 3, what is -20022 - 120101222111?
-120102012210
In base 15, what is 4eb2 + -144?
4d6d
In base 2, what is 111 + 1011100001001011101010?
1011100001001011110001
In base 3, what is 20112 + -221201011?
-221110122
In base 8, what is 6 + -1322543737?
-1322543731
In base 4, what is -31132222 + 102220?
-31030002
In base 12, what is 7913b + a?
79149
In base 3, what is -202220002101 + 2?
-202220002022
In base 14, what is 90a - 3537?
-2a2b
In base 6, what is 3131033 + 251?
3131324
In base 12, what is 24851661 - 